atest common divisor of 243 and 270?
27
What is the greatest common divisor of 162676 and 804?
268
Calculate the highest common divisor of 476 and 6286.
14
Calculate the greatest common divisor of 10 and 6002.
2
What is the highest common factor of 46 and 437506?
46
What is the highest common factor of 380 and 81?
1
Calculate the greatest common divisor of 85 and 1535.
5
What is the greatest common factor of 951 and 70691?
317
What is the highest common divisor of 2912 and 2275?
91
What is the greatest common divisor of 55475 and 951?
317
What is the highest common divisor of 39121 and 203?
29
Calculate the greatest common factor of 213106 and 254.
254
What is the greatest common divisor of 477588 and 12?
12
What is the highest common divisor of 63476 and 196?
28
Calculate the highest common divisor of 2360 and 1100.
20
What is the highest common factor of 14080 and 132?
44
What is the greatest common factor of 77 and 30877?
77
Calculate the highest common divisor of 160 and 17056.
32
What is the highest common divisor of 2059536 and 96?
48
What is the highest common factor of 2223767 and 637?
637
Calculate the highest common factor of 50372 and 5348.
28
What is the greatest common factor of 58520 and 43320?
760
Calculate the highest common divisor of 2702 and 448.
14
What is the highest common factor of 3535 and 326735?
505
Calculate the greatest common divisor of 4175 and 50.
25
Calculate the greatest common divisor of 404 and 499748.
404
Calculate the greatest common divisor of 81 and 2320.
1
What is the highest common divisor of 832860 and 60?
60
What is the highest common factor of 290588 and 8?
4
What is the greatest common divisor of 215 and 1835?
5
Calculate the highest common divisor of 10073 and 1554.
7
Calculate the greatest common divisor of 1916 and 2269502.
958
What is the greatest common divisor of 3312 and 181746?
414
Calculate the highest common divisor of 30492 and 990.
198
What is the highest common factor of 6313 and 2889?
107
Calculate the highest common factor of 810 and 588870.
810
What is the greatest common factor of 5624 and 9652?
76
Calculate the highest common divisor of 16031 and 1541.
23
Calculate the highest common factor of 4824 and 636.
12
What is the highest common divisor of 119931 and 105?
21
What is the highest common divisor of 511475 and 41?
41
Calculate the greatest common factor of 526129 and 76.
19
Calculate the highest common divisor of 4233 and 30.
3
What is the highest common divisor of 2870250 and 129?
129
What is the highest common factor of 978 and 140343?
489
Calculate the highest common factor of 99 and 4939.
11
Calculate the highest common divisor of 14 and 14558.
2
What is the highest common divisor of 4113 and 72?
9
What is the greatest common factor of 1592448 and 312?
312
Calculate the highest common divisor of 513569 and 47.
47
Calculate the greatest common divisor of 26676 and 648.
108
Calculate the highest common divisor of 16 and 10093040.
16
Calculate the greatest common divisor of 260 and 22230.
130
What is the greatest common divisor of 85329 and 551?
19
What is the greatest common divisor of 16 and 2462400?
16
Calculate the greatest common divisor of 1843072 and 28.
28
Calculate the highest common divisor of 794565 and 135.
45
What is the highest common divisor of 150826 and 130?
26
What is the greatest common factor of 12420 and 655560?
540
What is the highest common divisor of 1112 and 232?
8
Calculate the greatest common divisor of 1429304 and 424.
424
What is the highest common divisor of 136 and 411196?
68
What is the highest common factor of 204 and 1350?
6
Calculate the greatest common factor of 11700 and 364.
52
Calculate the highest common divisor of 950 and 145.
5
Calculate the highest common factor of 1791076 and 1316.
1316
What is the highest common factor of 1080 and 15384?
24
What is the highest common factor of 1788 and 2724?
12
What is the highest common divisor of 503468 and 224?
28
Calculate the highest common factor of 3244 and 261953.
811
Calculate the highest common factor of 26195 and 325.
65
What is the greatest common factor of 149 and 157791?
149
What is the greatest common factor of 3302 and 923?
13
What is the highest common divisor of 525 and 579075?
525
What is the highest common divisor of 2574918 and 190?
38
Calculate the highest common divisor of 696 and 47995.
29
Calculate the highest common divisor of 4 and 68194.
2
Calculate the greatest common factor of 24263 and 1235.
19
Calculate the greatest common divisor of 221898 and 651.
93
What is the greatest common divisor of 425 and 43792?
17
Calculate the greatest common factor of 19533 and 8517.
51
What is the greatest common divisor of 40 and 98380?
20
What is the greatest common divisor of 2050 and 956530?
410
Calculate the greatest common factor of 117000 and 26.
26
What is the greatest common factor of 70906 and 13478?
586
What is the greatest common divisor of 316 and 109336?
316
What is the greatest common divisor of 9669914 and 4098?
1366
What is the highest common factor of 540 and 4890240?
540
Calculate the greatest common factor of 324 and 83124.
36
What is the highest common factor of 12 and 2724?
12
Calculate the highest common divisor of 16722 and 30.
6
Calculate the greatest common factor of 60 and 1037980.
20
Calculate the greatest common divisor of 537864 and 8.
8
Calculate the greatest common factor of 972136 and 3168.
88
Calculate the highest common divisor of 4819 and 17933.
79
What is the greatest common divisor of 88958 and 38?
38
What is the greatest common factor of 103230 and 4650?
930
What is the greatest common factor of 133510 and 195?
65
Calculate the greatest common factor of 4 and 646504.
4
Calculate the greatest common factor of 5830 and 14.
2
What is the greatest common factor of 4356 and 3146?
242
Calculate the highest common factor of 962 and 1073.
37
Calculate the highest common divisor of 615 and 7845555.
615
What is the highest common divisor of 2183 and 3589?
37
What is the highest common divisor of 101920 and 3250?
130
Calculate the greatest common factor of 273 and 357.
21
What is the greatest common divisor of 20 and 7920?
20
What is the highest common divisor of 1001592 and 864?
216
Calculate the highest common factor of 138436 and 848.
212
Calculate the greatest common divisor of 5300 and 7526.
106
Calculate the greatest common divisor of 10206 and 336.
42
What is the highest common divisor of 232 and 368996?
116
What is the greatest common divisor of 238525 and 203?
203
What is the highest common factor of 200 and 34300?
100
What is the greatest common divisor of 264 and 332464?
88
What is the highest common divisor of 516 and 380937?
129
What is the greatest common factor of 104 and 223444?
52
Calculate the greatest common divisor of 50233 and 1315.
263
What is the highest common divisor of 2496 and 20475?
39
What is the greatest common factor of 537396 and 228?
228
Calculate the greatest common divisor of 16 and 4070592.
16
What is the highest common factor of 6625 and 45?
5
What is the greatest common factor of 64 and 139792?
16
Calculate the highest common factor of 1136 and 1200.
16
What is the highest common factor of 427 and 141337?
427
Calculate the highest common divisor of 5760 and 5535.
45
What is the highest common factor of 33300 and 1150?
50
Calculate the highest common divisor of 68793 and 138.
69
What is the highest common divisor of 17 and 7786?
17
Calculate the highest common factor of 314575 and 10.
5
What is the greatest common factor of 2286 and 150?
6
Calculate the greatest common divisor of 152 and 857128.
152
Calculate the highest common divisor of 77308 and 616.
308
What is the highest common factor of 228 and 36096?
12
Calculate the greatest common factor of 167 and 12024.
167
Calculate the greatest common factor of 74 and 37138.
2
Calculate the greatest common divisor of 74947 and 149.
149
What is the greatest common divisor of 132 and 520388?
44
What is the highest common divisor of 29154 and 2260?
226
Calculate the greatest common divisor of 1788 and 1229548.
596
What is the greatest common factor of 759 and 276?
69
Calculate the greatest common factor of 436 and 52538.
218
Calculate the highest common factor of 12719 and 3